{"id":2036,"date":"2022-09-02T05:43:36","date_gmt":"2022-09-02T05:43:36","guid":{"rendered":"https:\/\/cercletaoiste.com\/?page_id=2036"},"modified":"2024-09-26T16:44:53","modified_gmt":"2024-09-26T16:44:53","slug":"publications","status":"publish","type":"page","link":"https:\/\/cercletaoiste.com\/index.php\/publications\/","title":{"rendered":"Publications"},"content":{"rendered":"\n<div class=\"wp-block-cover alignfull\" style=\"min-height:361px\"><span aria-hidden=\"true\" class=\"wp-block-cover__background has-background-dim\"><\/span><img loading=\"lazy\" width=\"900\" height=\"600\" class=\"wp-block-cover__image-background wp-image-1948\" alt=\"\" src=\"https:\/\/cercletaoiste.com\/wp-content\/uploads\/2022\/09\/48082_374959199286850_620476361_n.jpg\" style=\"object-position:51% 52%\" data-object-fit=\"cover\" data-object-position=\"51% 52%\" srcset=\"https:\/\/cercletaoiste.com\/wp-content\/uploads\/2022\/09\/48082_374959199286850_620476361_n.jpg 900w, https:\/\/cercletaoiste.com\/wp-content\/uploads\/2022\/09\/48082_374959199286850_620476361_n-300x200.jpg 300w, https:\/\/cercletaoiste.com\/wp-content\/uploads\/2022\/09\/48082_374959199286850_620476361_n-768x512.jpg 768w\" sizes=\"(max-width: 900px) 100vw, 900px\" \/><div class=\"wp-block-cover__inner-container\">\n<h1 class=\"has-text-align-center\" style=\"font-size:70px;font-style:normal;font-weight:700\"><strong>Publications<\/strong><\/h1>\n<\/div><\/div>\n\n\n\n<div style=\"height:100px\" aria-hidden=\"true\" class=\"wp-block-spacer\"><\/div>\n\n\n\n<p>Sous peu, nous ambitionnons de pouvoir vous proposer des documents en Fran\u00e7ais, des textes ou des extraits d&rsquo;ouvrages, permettant d&rsquo;enrichir notre connaissance du monde Tao\u00efste. Les textes classiques Tao\u00efstes se comptent en milliers d&rsquo;ouvrages et fort peu sont traduits en Fran\u00e7ais, un peu plus en Anglais.  Face \u00e0 ce probl\u00e8mes, l&rsquo;ensemble de la communaut\u00e9 internationale et m\u00eame l&rsquo;Association Tao\u00efste de Chine se mobilisent pour faire des traduction qui devraient sortir dans les ann\u00e9es \u00e0 venir.<\/p>\n\n\n\n<p>Nous vous tenons inform\u00e9s des parutions, documents et autres en temps r\u00e9els avec les outils suivants:<\/p>\n\n\n\n<div style=\"height:100px\" aria-hidden=\"true\" class=\"wp-block-spacer\"><\/div>\n\n\n\n<div class=\"wp-container-3 wp-block-columns\">\n<div class=\"wp-container-1 wp-block-column\">\n<div class=\"wp-block-uagb-image uagb-block-5f7be9ce wp-block-uagb-image--layout-default wp-block-uagb-image--effect-static wp-block-uagb-image--align-none\"><figure class=\"wp-block-uagb-image__figure\"><img srcset=\"https:\/\/cercletaoiste.com\/wp-content\/uploads\/2022\/09\/IMG_7963-1024x768.jpg \" src=\"https:\/\/cercletaoiste.com\/wp-content\/uploads\/2022\/09\/IMG_7963-1024x768.jpg\" alt=\"\" class=\"uag-image-2158\" width=\"439\" height=\"312\" title=\"\" loading=\"lazy\"\/><\/figure><\/div>\n<\/div>\n\n\n\n<div class=\"wp-container-2 wp-block-column\">\n<h2 style=\"font-size:24px\">\u2022 Les parutions r\u00e9centes<\/h2>\n\n\n\n<p>\u00ab\u00a0Le livre de la contemplation int\u00e9rieure\u00a0\u00bb <\/p>\n\n\n\n<p>Traduction de Catherine Despeux &#8211; Payot-rivages &#8211; 7\u20ac<\/p>\n\n\n\n<p style=\"font-size:12px\">Ces trois petits chefs-d&rsquo;oeuvre pr\u00e9sentent l&rsquo;essentiel des m\u00e9thodes tao\u00efstes pour apaiser son esprit. La contemplation int\u00e9rieure y est un th\u00e8me majeur. Elle s&rsquo;exerce sur l&rsquo;esprit, sur le corps et sur les choses ext\u00e9rieures ou les d\u00e9sirs des choses. Calme et puret\u00e9 sont les principales forces agissantes de cette contemplation. Ecrits entre le VII\u00b0 et le XIII\u00b0 si\u00e8cle, ces po\u00e8mes \u00e9voquent des m\u00e9thodes de respiration entra\u00eenant des changements psychophysiologiques, des visualisations de divinit\u00e9s au corps, et la travers\u00e9e de contr\u00e9es lumineuses qui viennent compl\u00e9ter la pure contemplation de l&rsquo;esprit. Gr\u00e2ce \u00e0 la contemplation, trouver le DAO, la Voie, c&rsquo;est-\u00e0-dire cet \u00e9tat d&rsquo;indistinction originelle appel\u00e9 chaos, m\u00e8ne \u00e0 la fusion du corps et de l&rsquo;esprit, et \u00e0 l&rsquo;accomplissement du r\u00e9el.<\/p>\n<\/div>\n<\/div>\n\n\n\n<div style=\"height:100px\" aria-hidden=\"true\" class=\"wp-block-spacer\"><\/div>\n\n\n\n<div class=\"wp-container-6 wp-block-columns\">\n<div class=\"wp-container-4 wp-block-column\">\n<h2 style=\"font-size:24px\">\u2022 Des sites internet \u00e0 partager<\/h2>\n\n\n\n<p>Ne plus en plus de sites internet collaboratifs voient le jour pour participer \u00e0 cette oeuvre massive de traduction. Citons:<\/p>\n\n\n\n<p>\u2022 Le site Golden Elixir <a href=\"http:\/\/www.goldenelixir.com\">http:\/\/www.goldenelixir.com<\/a><\/p>\n\n\n\n<p>de Fabrizio Pregadio<\/p>\n\n\n\n<p>\u2022 Le site Chinese Text Project <a href=\"https:\/\/ctext.org\">https:\/\/ctext.org<\/a><\/p>\n\n\n\n<p>un site de traduction des classiques<\/p>\n<\/div>\n\n\n\n<div class=\"wp-container-5 wp-block-column\">\n<div class=\"wp-block-uagb-image uagb-block-13ea2c5f wp-block-uagb-image--layout-default wp-block-uagb-image--effect-static wp-block-uagb-image--align-none\"><figure class=\"wp-block-uagb-image__figure\"><img srcset=\"https:\/\/cercletaoiste.com\/wp-content\/uploads\/2022\/09\/mobile-smartphone-app-1087845-1024x724.jpg \" src=\"https:\/\/cercletaoiste.com\/wp-content\/uploads\/2022\/09\/mobile-smartphone-app-1087845-1024x724.jpg\" alt=\"mobile, smartphone, app-1087845.jpg\" class=\"uag-image-2162\" width=\"\" height=\"\" title=\"\" loading=\"lazy\"\/><\/figure><\/div>\n<\/div>\n<\/div>\n\n\n\n<div style=\"height:100px\" aria-hidden=\"true\" class=\"wp-block-spacer\"><\/div>\n\n\n\n<div class=\"wp-container-10 wp-block-columns\">\n<div class=\"wp-container-7 wp-block-column\">\n<div class=\"wp-block-uagb-image uagb-block-1e2094c1 wp-block-uagb-image--layout-default wp-block-uagb-image--effect-static wp-block-uagb-image--align-none\"><figure class=\"wp-block-uagb-image__figure\"><img srcset=\"https:\/\/cercletaoiste.com\/wp-content\/uploads\/2022\/09\/\u666e\u7167\u5716-793x1024.gif \" src=\"https:\/\/cercletaoiste.com\/wp-content\/uploads\/2022\/09\/\u666e\u7167\u5716-793x1024.gif\" alt=\"\" class=\"uag-image-2165\" width=\"401\" height=\"517\" title=\"\" loading=\"lazy\"\/><\/figure><\/div>\n<\/div>\n\n\n\n<div class=\"wp-container-9 wp-block-column\">\n<h2 style=\"font-size:24px\">\u2022 Des lexiques<\/h2>\n\n\n\n<p>Nous vous proposons \u00e9galement des lexiques pour mieux comprendre le vocabulaire Tao\u00efste. En effet, le langage employ\u00e9 par les anciens et les immortels est p\u00e9tri d&rsquo;images et de mots complexes qui peuvent laisser le lecteur dubitatif voire dans l&rsquo;incompr\u00e9hension la plus totale.<\/p>\n\n\n\n<p>Pour l&rsquo;instant en cliquant ci-dessous vous avez acc\u00e8s \u00e0 un seul lexique, mais bient\u00f4t, il y aura plusieurs lexiques, en lien avec diff\u00e9rentes th\u00e8mes: Alchimie interne, m\u00e9decine Chinoise, arts martiaux&#8230;<\/p>\n\n\n\n<div class=\"wp-container-8 is-content-justification-right wp-block-buttons\">\n<div class=\"wp-block-button\"><a class=\"wp-block-button__link has-ast-global-color-2-color has-ast-global-color-0-background-color has-text-color has-background\" href=\"https:\/\/cercletaoiste.com\/index.php\/lexique\/\">Lexique<\/a><\/div>\n<\/div>\n<\/div>\n<\/div>\n\n\n\n<div class=\"wp-container-11 is-content-justification-right wp-block-buttons\"><\/div>\n","protected":false},"excerpt":{"rendered":"<p>Sous peu, nous ambitionnons de pouvoir vous proposer des documents en Fran\u00e7ais, des textes ou des extraits d&rsquo;ouvrages, permettant d&rsquo;enrichir notre connaissance du monde Tao\u00efste. Les textes classiques Tao\u00efstes se comptent en milliers d&rsquo;ouvrages et fort peu sont traduits en Fran\u00e7ais, un peu plus en Anglais. Face \u00e0 ce probl\u00e8mes, l&rsquo;ensemble de la communaut\u00e9 internationale &hellip;<\/p>\n<p class=\"read-more\"> <a class=\"\" href=\"https:\/\/cercletaoiste.com\/index.php\/publications\/\"> <span class=\"screen-reader-text\">Publications<\/span> Lire la suite\u00a0\u00bb<\/a><\/p>\n","protected":false},"author":1,"featured_media":0,"parent":0,"menu_order":0,"comment_status":"closed","ping_status":"closed","template":"","meta":{"_uag_custom_page_level_css":"","_mi_skip_tracking":false,"site-sidebar-layout":"default","site-content-layout":"default","ast-global-header-display":"","ast-main-header-display":"","ast-hfb-above-header-display":"","ast-hfb-below-header-display":"","ast-hfb-mobile-header-display":"","site-post-title":"disabled","ast-breadcrumbs-content":"","ast-featured-img":"","footer-sml-layout":"","theme-transparent-header-meta":"","adv-header-id-meta":"","stick-header-meta":"","header-above-stick-meta":"","header-main-stick-meta":"","header-below-stick-meta":""},"uagb_featured_image_src":{"full":false,"thumbnail":false,"medium":false,"medium_large":false,"large":false,"1536x1536":false,"2048x2048":false},"uagb_author_info":{"display_name":"francois.ducotterd@gmail.com","author_link":"https:\/\/cercletaoiste.com\/index.php\/author\/francois-ducotterdgmail-com\/"},"uagb_comment_info":0,"uagb_excerpt":"Sous peu, nous ambitionnons de pouvoir vous proposer des documents en Fran\u00e7ais, des textes ou des extraits d&rsquo;ouvrages, permettant d&rsquo;enrichir notre connaissance du monde Tao\u00efste. Les textes classiques Tao\u00efstes se comptent en milliers d&rsquo;ouvrages et fort peu sont traduits en Fran\u00e7ais, un peu plus en Anglais. Face \u00e0 ce probl\u00e8mes, l&rsquo;ensemble de la communaut\u00e9 internationale\u2026","_links":{"self":[{"href":"https:\/\/cercletaoiste.com\/index.php\/wp-json\/wp\/v2\/pages\/2036"}],"collection":[{"href":"https:\/\/cercletaoiste.com\/index.php\/wp-json\/wp\/v2\/pages"}],"about":[{"href":"https:\/\/cercletaoiste.com\/index.php\/wp-json\/wp\/v2\/types\/page"}],"author":[{"embeddable":true,"href":"https:\/\/cercletaoiste.com\/index.php\/wp-json\/wp\/v2\/users\/1"}],"replies":[{"embeddable":true,"href":"https:\/\/cercletaoiste.com\/index.php\/wp-json\/wp\/v2\/comments?post=2036"}],"version-history":[{"count":7,"href":"https:\/\/cercletaoiste.com\/index.php\/wp-json\/wp\/v2\/pages\/2036\/revisions"}],"predecessor-version":[{"id":2280,"href":"https:\/\/cercletaoiste.com\/index.php\/wp-json\/wp\/v2\/pages\/2036\/revisions\/2280"}],"wp:attachment":[{"href":"https:\/\/cercletaoiste.com\/index.php\/wp-json\/wp\/v2\/media?parent=2036"}],"curies":[{"name":"wp","href":"https:\/\/api.w.org\/{rel}","templated":true}]}}