{"id":2033,"date":"2022-09-02T05:43:15","date_gmt":"2022-09-02T05:43:15","guid":{"rendered":"https:\/\/cercletaoiste.com\/?page_id=2033"},"modified":"2024-09-26T16:16:11","modified_gmt":"2024-09-26T16:16:11","slug":"actualites","status":"publish","type":"page","link":"https:\/\/cercletaoiste.com\/index.php\/actualites\/","title":{"rendered":"Actualit\u00e9s"},"content":{"rendered":"\n<div class=\"wp-block-cover alignfull\" style=\"min-height:307px\"><span aria-hidden=\"true\" class=\"wp-block-cover__background has-background-dim\"><\/span><img loading=\"lazy\" width=\"900\" height=\"600\" class=\"wp-block-cover__image-background wp-image-1948\" alt=\"\" src=\"https:\/\/cercletaoiste.com\/wp-content\/uploads\/2022\/09\/48082_374959199286850_620476361_n.jpg\" data-object-fit=\"cover\" srcset=\"https:\/\/cercletaoiste.com\/wp-content\/uploads\/2022\/09\/48082_374959199286850_620476361_n.jpg 900w, https:\/\/cercletaoiste.com\/wp-content\/uploads\/2022\/09\/48082_374959199286850_620476361_n-300x200.jpg 300w, https:\/\/cercletaoiste.com\/wp-content\/uploads\/2022\/09\/48082_374959199286850_620476361_n-768x512.jpg 768w\" sizes=\"(max-width: 900px) 100vw, 900px\" \/><div class=\"wp-block-cover__inner-container\">\n<p class=\"has-text-align-center has-ast-global-color-5-color has-text-color\" style=\"font-size:70px\">Actualit\u00e9s<\/p>\n<\/div><\/div>\n\n\n\n<div style=\"height:100px\" aria-hidden=\"true\" class=\"wp-block-spacer\"><\/div>\n\n\n\n<p style=\"font-size:18px\">M\u00eame si le Tao\u00efsme est confidentiel, il est riche d&rsquo;une actualit\u00e9 constante. Nous allons essayer de vous tenir inform\u00e9s de l&rsquo;essentiel de ce qui se fait. Bon voyage dans l&rsquo;univers des immortels!<\/p>\n\n\n\n<div style=\"height:100px\" aria-hidden=\"true\" class=\"wp-block-spacer\"><\/div>\n\n\n\n<div class=\"wp-container-4 wp-block-columns\">\n<div class=\"wp-container-1 wp-block-column\">\n<div class=\"wp-block-uagb-image uagb-block-d2e22b4e wp-block-uagb-image--layout-default wp-block-uagb-image--effect-static wp-block-uagb-image--align-none\"><figure class=\"wp-block-uagb-image__figure\"><img srcset=\"https:\/\/cercletaoiste.com\/wp-content\/uploads\/2022\/09\/IMG_5811-546x1024.jpeg \" src=\"https:\/\/cercletaoiste.com\/wp-content\/uploads\/2022\/09\/IMG_5811-546x1024.jpeg\" alt=\"\" class=\"uag-image-2176\" width=\"\" height=\"\" title=\"\" loading=\"lazy\"\/><\/figure><\/div>\n<\/div>\n\n\n\n<div class=\"wp-container-3 wp-block-column\">\n<h2 style=\"font-size:24px\">\u2022 Cours du Professeur MENG Zhiling<\/h2>\n\n\n\n<p>Ma\u00eetre <strong>MENG Zhiling<\/strong> est l&rsquo;Abb\u00e9 du temple des Nuages Blancs \u00e0 P\u00e9kin. Num\u00e9ro 2 de l&rsquo;association Tao\u00efste de Chine, il est aussi le directeur du Coll\u00e8ge d&rsquo;\u00e9tude Tao\u00efste et \u00e0 ce titre, le responsable de l&rsquo;enseignement du Tao\u00efsme en Chine. Il a pass\u00e9 pr\u00e8s d&rsquo;une douzaine d&rsquo;ann\u00e9es en ermitage dans les montagnes du nord de la Chine et est un grand pratiquant de la m\u00e9ditation assise. Il est \u00e9galement un ma\u00eetre du rituel et un fin connaisseur du YI JING, du DAO DE JING et du ZHUANG ZI. <\/p>\n\n\n\n<p>Ma\u00eetre MENG nous a fait l&rsquo;honneur de venir donner 9 jours de cours \u00e0 Lyon pour la premi\u00e8re fois, fin juin d\u00e9but juillet 2024. Suite au succ\u00e8s de cette premi\u00e8re organisation il est pr\u00e9vu qu&rsquo;il revienne en 2025 pour nous donner la suite de ses enseignements.<\/p>\n\n\n\n<p>Soyez \u00e0 l&rsquo;affut des nouvelles qui ne tarderont pas \u00e0 venir quant \u00e0 son retour parmi nous. Pour avoir des nouvelles en \u00e9tant s\u00fbr de ne rien r\u00e2ter, abonnez-vous \u00e0 notre page facebook:<\/p>\n\n\n\n<div class=\"wp-container-2 is-content-justification-right wp-block-buttons\">\n<div class=\"wp-block-button\"><a class=\"wp-block-button__link has-ast-global-color-2-color has-ast-global-color-0-background-color has-text-color has-background\" href=\"https:\/\/cercletaoiste.com\/index.php\/contact\/\">Contact pour le professeur MENG<\/a><\/div>\n<\/div>\n<\/div>\n<\/div>\n\n\n\n<div style=\"height:100px\" aria-hidden=\"true\" class=\"wp-block-spacer\"><\/div>\n\n\n\n<div style=\"height:100px\" aria-hidden=\"true\" class=\"wp-block-spacer\"><\/div>\n\n\n\n<div class=\"wp-container-7 wp-block-columns\">\n<div class=\"wp-container-5 wp-block-column\">\n<h2 style=\"font-size:24px\">\u2022 Retraite Tao\u00efste<\/h2>\n\n\n\n<p>Plusieurs fois par an, <strong>Marie-H\u00e9l\u00e8ne Rendu<\/strong> et J<strong>oseph Nguyen<\/strong> proposent des retraites tao\u00efstes. ce sont de v\u00e9ritables temps pour soi, pour se retrouver, mais \u00e9galement pour creuser la voie Tao\u00efste en alternant des temps de m\u00e9ditation, des enseignements, des marches et des pratiques de Qigong, autour de repas conviviaux et v\u00e9g\u00e9tariens cr\u00e9\u00e9s par <strong>Fanie<\/strong>!<\/p>\n\n\n\n<p>La prochaine retraite aura lieu du <strong>23 au 30 septembre 2023<\/strong> \u00e0 <strong>Ch\u00e2tel Montagne<\/strong> dans l&rsquo;Allier.<\/p>\n\n\n\n<p>Ce sont toujours des moments magiques, alors n&rsquo;h\u00e9sitez pas \u00e0 vous ressourcer avec eux.<\/p>\n\n\n\n<p>Contactez:<\/p>\n\n\n\n<p>Marie-H\u00e9l\u00e8ne Rendu &#8211;    O6 14 75 57 83<\/p>\n\n\n\n<p>Joseph Nguyen &#8211;              06 85 29 66 <\/p>\n<\/div>\n\n\n\n<div class=\"wp-container-6 wp-block-column\">\n<div class=\"wp-block-uagb-image uagb-block-28a5601e wp-block-uagb-image--layout-default wp-block-uagb-image--effect-static wp-block-uagb-image--align-none\"><figure class=\"wp-block-uagb-image__figure\"><img srcset=\"https:\/\/cercletaoiste.com\/wp-content\/uploads\/2022\/09\/IMG_2244.jpg \" src=\"https:\/\/cercletaoiste.com\/wp-content\/uploads\/2022\/09\/IMG_2244.jpg\" alt=\"\" class=\"uag-image-2181\" width=\"\" height=\"\" title=\"\" loading=\"lazy\"\/><\/figure><\/div>\n<\/div>\n<\/div>\n\n\n\n<p>ou directement sur leur site internet <strong>Retraite TAO<\/strong>:      <a href=\"https:\/\/retraitetao.com\">https:\/\/retraitetao.com<\/a><\/p>\n\n\n\n<div style=\"height:100px\" aria-hidden=\"true\" class=\"wp-block-spacer\"><\/div>\n","protected":false},"excerpt":{"rendered":"<p>M\u00eame si le Tao\u00efsme est confidentiel, il est riche d&rsquo;une actualit\u00e9 constante. Nous allons essayer de vous tenir inform\u00e9s de l&rsquo;essentiel de ce qui se fait. Bon voyage dans l&rsquo;univers des immortels! \u2022 Cours du Professeur MENG Zhiling Ma\u00eetre MENG Zhiling est l&rsquo;Abb\u00e9 du temple des Nuages Blancs \u00e0 P\u00e9kin. Num\u00e9ro 2 de l&rsquo;association Tao\u00efste &hellip;<\/p>\n<p class=\"read-more\"> <a class=\"\" href=\"https:\/\/cercletaoiste.com\/index.php\/actualites\/\"> <span class=\"screen-reader-text\">Actualit\u00e9s<\/span> Lire la suite\u00a0\u00bb<\/a><\/p>\n","protected":false},"author":1,"featured_media":0,"parent":0,"menu_order":0,"comment_status":"closed","ping_status":"closed","template":"","meta":{"_uag_custom_page_level_css":"","_mi_skip_tracking":false,"site-sidebar-layout":"default","site-content-layout":"default","ast-global-header-display":"","ast-main-header-display":"","ast-hfb-above-header-display":"","ast-hfb-below-header-display":"","ast-hfb-mobile-header-display":"","site-post-title":"disabled","ast-breadcrumbs-content":"","ast-featured-img":"","footer-sml-layout":"","theme-transparent-header-meta":"","adv-header-id-meta":"","stick-header-meta":"","header-above-stick-meta":"","header-main-stick-meta":"","header-below-stick-meta":""},"uagb_featured_image_src":{"full":false,"thumbnail":false,"medium":false,"medium_large":false,"large":false,"1536x1536":false,"2048x2048":false},"uagb_author_info":{"display_name":"francois.ducotterd@gmail.com","author_link":"https:\/\/cercletaoiste.com\/index.php\/author\/francois-ducotterdgmail-com\/"},"uagb_comment_info":0,"uagb_excerpt":"M\u00eame si le Tao\u00efsme est confidentiel, il est riche d&rsquo;une actualit\u00e9 constante. Nous allons essayer de vous tenir inform\u00e9s de l&rsquo;essentiel de ce qui se fait. Bon voyage dans l&rsquo;univers des immortels! \u2022 Cours du Professeur MENG Zhiling Ma\u00eetre MENG Zhiling est l&rsquo;Abb\u00e9 du temple des Nuages Blancs \u00e0 P\u00e9kin. Num\u00e9ro 2 de l&rsquo;association Tao\u00efste\u2026","_links":{"self":[{"href":"https:\/\/cercletaoiste.com\/index.php\/wp-json\/wp\/v2\/pages\/2033"}],"collection":[{"href":"https:\/\/cercletaoiste.com\/index.php\/wp-json\/wp\/v2\/pages"}],"about":[{"href":"https:\/\/cercletaoiste.com\/index.php\/wp-json\/wp\/v2\/types\/page"}],"author":[{"embeddable":true,"href":"https:\/\/cercletaoiste.com\/index.php\/wp-json\/wp\/v2\/users\/1"}],"replies":[{"embeddable":true,"href":"https:\/\/cercletaoiste.com\/index.php\/wp-json\/wp\/v2\/comments?post=2033"}],"version-history":[{"count":14,"href":"https:\/\/cercletaoiste.com\/index.php\/wp-json\/wp\/v2\/pages\/2033\/revisions"}],"predecessor-version":[{"id":2272,"href":"https:\/\/cercletaoiste.com\/index.php\/wp-json\/wp\/v2\/pages\/2033\/revisions\/2272"}],"wp:attachment":[{"href":"https:\/\/cercletaoiste.com\/index.php\/wp-json\/wp\/v2\/media?parent=2033"}],"curies":[{"name":"wp","href":"https:\/\/api.w.org\/{rel}","templated":true}]}}