{"id":2024,"date":"2022-09-02T05:41:29","date_gmt":"2022-09-02T05:41:29","guid":{"rendered":"https:\/\/cercletaoiste.com\/?page_id=2024"},"modified":"2024-09-26T16:41:18","modified_gmt":"2024-09-26T16:41:18","slug":"formations-sur-lannee","status":"publish","type":"page","link":"https:\/\/cercletaoiste.com\/index.php\/formations-sur-lannee\/","title":{"rendered":"Formations sur l&rsquo;ann\u00e9e"},"content":{"rendered":"\n<div class=\"wp-block-cover alignfull\" style=\"min-height:361px\"><span aria-hidden=\"true\" class=\"wp-block-cover__background has-background-dim\"><\/span><img loading=\"lazy\" width=\"900\" height=\"600\" class=\"wp-block-cover__image-background wp-image-1948\" alt=\"\" src=\"https:\/\/cercletaoiste.com\/wp-content\/uploads\/2022\/09\/48082_374959199286850_620476361_n.jpg\" style=\"object-position:51% 52%\" data-object-fit=\"cover\" data-object-position=\"51% 52%\" srcset=\"https:\/\/cercletaoiste.com\/wp-content\/uploads\/2022\/09\/48082_374959199286850_620476361_n.jpg 900w, https:\/\/cercletaoiste.com\/wp-content\/uploads\/2022\/09\/48082_374959199286850_620476361_n-300x200.jpg 300w, https:\/\/cercletaoiste.com\/wp-content\/uploads\/2022\/09\/48082_374959199286850_620476361_n-768x512.jpg 768w\" sizes=\"(max-width: 900px) 100vw, 900px\" \/><div class=\"wp-block-cover__inner-container\">\n<h1 class=\"has-text-align-center\" style=\"font-size:70px;font-style:normal;font-weight:700\"><strong>Formations<\/strong> sur l&rsquo;ann\u00e9e<\/h1>\n<\/div><\/div>\n\n\n\n<div style=\"height:60px\" aria-hidden=\"true\" class=\"wp-block-spacer\"><\/div>\n\n\n\n<p>Nous proposons \u00e9galement des formations qui se d\u00e9roulent sur une ann\u00e9e scolaire, avec plus ou moins de cours selon les sujets. A cause du Covid et du fait de devoir rattraper des cours des ann\u00e9es pass\u00e9es, nous n&rsquo;avons que peu de propositions pour l&rsquo;ann\u00e9e 2022 \/ 2023. Nous pouvons cependant vous proposer les choses suivantes:<\/p>\n\n\n\n<div style=\"height:100px\" aria-hidden=\"true\" class=\"wp-block-spacer\"><\/div>\n\n\n\n<div class=\"wp-container-3 wp-block-columns\">\n<div class=\"wp-container-1 wp-block-column\">\n<h2 style=\"font-size:24px\">\u2022 Lecture du DAO DE JING &#8211; 2\u00b0 partie<\/h2>\n\n\n\n<p>Le <strong>DAO DE JING<\/strong> ou le classique du \u00ab\u00a0<strong>DAO et de la Vertu<\/strong>\u00a0\u00bb est le texte que nous a laiss\u00e9 <strong>LAO ZI<\/strong>. Il est le texte de base qu&rsquo;utilisent tous les Tao\u00efstes comme guide dans leur pratique. <\/p>\n\n\n\n<p>Cependant, ce texte est obscur, et est souvent herm\u00e9tique, incompr\u00e9hensible, pour les occidentaux qui n&rsquo;en ont pas les codes de lecture.<\/p>\n\n\n\n<p>Nous vous proposons donc un d\u00e9but de lecture du texte avec des explications et des \u00e9l\u00e9ments d&rsquo;interpr\u00e9tations, pour pouvoir rentrer plus avant dans la profondeur de son message et dans la connaissance du Tao\u00efsme.<\/p>\n\n\n\n<p>Nous d\u00e9couvrirons notamment comment le DAO DE JING est un guide important pour la pratique de la m\u00e9ditation Tao\u00efste<\/p>\n\n\n\n<p>Bref, un point de passage oblig\u00e9 pour tout apprenti tao\u00efste!<\/p>\n<\/div>\n\n\n\n<div class=\"wp-container-2 wp-block-column\">\n<div class=\"wp-block-uagb-image uagb-block-95554d62 wp-block-uagb-image--layout-default wp-block-uagb-image--effect-static wp-block-uagb-image--align-none\"><figure class=\"wp-block-uagb-image__figure\"><img srcset=\"https:\/\/cercletaoiste.com\/wp-content\/uploads\/2022\/09\/sanbao_jingqishen.jpg \" src=\"https:\/\/cercletaoiste.com\/wp-content\/uploads\/2022\/09\/sanbao_jingqishen.jpg\" alt=\"\" class=\"uag-image-2143\" width=\"\" height=\"\" title=\"\" loading=\"lazy\"\/><\/figure><\/div>\n<\/div>\n<\/div>\n\n\n\n<div style=\"height:17px\" aria-hidden=\"true\" class=\"wp-block-spacer\"><\/div>\n\n\n\n<p>Voici les dates de ces journ\u00e9es pour l&rsquo;ann\u00e9e 2024\/2025:<\/p>\n\n\n\n<p class=\"has-text-align-center\"><strong>Samedis 23 novembre 2024, 18 janvier 2025, 1er mars 2025, <\/strong><\/p>\n\n\n\n<p class=\"has-text-align-center\"><strong>29 mars 2025, 5 avril 2025, 17 mai 2025, 28 juin 202<\/strong>5<\/p>\n\n\n\n<div style=\"height:15px\" aria-hidden=\"true\" class=\"wp-block-spacer\"><\/div>\n\n\n\n<p>N&rsquo;h\u00e9sitez pas \u00e0 nous contacter si vous voulez des renseignements compl\u00e9mentaires ou si vous voulez vous inscrire:<\/p>\n\n\n\n<div class=\"wp-container-4 is-content-justification-right wp-block-buttons\">\n<div class=\"wp-block-button\"><a class=\"wp-block-button__link has-ast-global-color-2-color has-ast-global-color-0-background-color has-text-color has-background\" href=\"https:\/\/cercletaoiste.com\/index.php\/contact\/\">Contactez-nous<\/a><\/div>\n<\/div>\n\n\n\n<div style=\"height:100px\" aria-hidden=\"true\" class=\"wp-block-spacer\"><\/div>\n\n\n\n<div class=\"wp-container-7 wp-block-columns\">\n<div class=\"wp-container-5 wp-block-column\">\n<div class=\"wp-block-uagb-image uagb-block-c88b9e3f wp-block-uagb-image--layout-default wp-block-uagb-image--effect-static wp-block-uagb-image--align-none\"><figure class=\"wp-block-uagb-image__figure\"><img srcset=\"https:\/\/cercletaoiste.com\/wp-content\/uploads\/2022\/09\/tuisou3.jpg \" src=\"https:\/\/cercletaoiste.com\/wp-content\/uploads\/2022\/09\/tuisou3.jpg\" alt=\"\" class=\"uag-image-2148\" width=\"\" height=\"\" title=\"\" loading=\"lazy\"\/><\/figure><\/div>\n<\/div>\n\n\n\n<div class=\"wp-container-6 wp-block-column\">\n<h2 style=\"font-size:24px\">\u2022 Cours hebdomadaires de Qigong et Taijiquan<\/h2>\n\n\n\n<p>Dans les locaux du Cercle Tao\u00efste, l&rsquo;association QI XING PAI \u4e03\u661f\u6d3e propose des cours hebdomadaires de Qigong et de Taijiquan, une facette importante en Occident des pratiques Tao\u00efstes. N&rsquo;h\u00e9sitez pas \u00e0 venir essayer!<\/p>\n<\/div>\n<\/div>\n\n\n\n<div style=\"height:100px\" aria-hidden=\"true\" class=\"wp-block-spacer\"><\/div>\n\n\n\n<p>Pour le Qigong, rendez-vous les lundis soirs, de 19h00 \u00e0 20h30<\/p>\n\n\n\n<p>Pour le Taijiquan, rendez-vous les jeudis et mardis soirs de 18h30 \u00e0 20h00<\/p>\n\n\n\n<p>Pour plus de renseignements ou pour venir essayer un cours, n&rsquo;h\u00e9sitez pas \u00e0 nous contacter:<\/p>\n\n\n\n<div class=\"wp-container-8 is-content-justification-right wp-block-buttons\">\n<div class=\"wp-block-button\"><a class=\"wp-block-button__link has-ast-global-color-2-color has-ast-global-color-0-background-color has-text-color has-background\" href=\"https:\/\/cercletaoiste.com\/index.php\/contact\/\">Contactez-nous<\/a><\/div>\n<\/div>\n","protected":false},"excerpt":{"rendered":"<p>Nous proposons \u00e9galement des formations qui se d\u00e9roulent sur une ann\u00e9e scolaire, avec plus ou moins de cours selon les sujets. A cause du Covid et du fait de devoir rattraper des cours des ann\u00e9es pass\u00e9es, nous n&rsquo;avons que peu de propositions pour l&rsquo;ann\u00e9e 2022 \/ 2023. Nous pouvons cependant vous proposer les choses suivantes: &hellip;<\/p>\n<p class=\"read-more\"> <a class=\"\" href=\"https:\/\/cercletaoiste.com\/index.php\/formations-sur-lannee\/\"> <span class=\"screen-reader-text\">Formations sur l&rsquo;ann\u00e9e<\/span> Lire la suite\u00a0\u00bb<\/a><\/p>\n","protected":false},"author":1,"featured_media":0,"parent":0,"menu_order":0,"comment_status":"closed","ping_status":"closed","template":"","meta":{"_uag_custom_page_level_css":"","_mi_skip_tracking":false,"site-sidebar-layout":"default","site-content-layout":"default","ast-global-header-display":"","ast-main-header-display":"","ast-hfb-above-header-display":"","ast-hfb-below-header-display":"","ast-hfb-mobile-header-display":"","site-post-title":"disabled","ast-breadcrumbs-content":"","ast-featured-img":"","footer-sml-layout":"","theme-transparent-header-meta":"","adv-header-id-meta":"","stick-header-meta":"","header-above-stick-meta":"","header-main-stick-meta":"","header-below-stick-meta":""},"uagb_featured_image_src":{"full":false,"thumbnail":false,"medium":false,"medium_large":false,"large":false,"1536x1536":false,"2048x2048":false},"uagb_author_info":{"display_name":"francois.ducotterd@gmail.com","author_link":"https:\/\/cercletaoiste.com\/index.php\/author\/francois-ducotterdgmail-com\/"},"uagb_comment_info":0,"uagb_excerpt":"Nous proposons \u00e9galement des formations qui se d\u00e9roulent sur une ann\u00e9e scolaire, avec plus ou moins de cours selon les sujets. A cause du Covid et du fait de devoir rattraper des cours des ann\u00e9es pass\u00e9es, nous n&rsquo;avons que peu de propositions pour l&rsquo;ann\u00e9e 2022 \/ 2023. Nous pouvons cependant vous proposer les choses suivantes:\u2026","_links":{"self":[{"href":"https:\/\/cercletaoiste.com\/index.php\/wp-json\/wp\/v2\/pages\/2024"}],"collection":[{"href":"https:\/\/cercletaoiste.com\/index.php\/wp-json\/wp\/v2\/pages"}],"about":[{"href":"https:\/\/cercletaoiste.com\/index.php\/wp-json\/wp\/v2\/types\/page"}],"author":[{"embeddable":true,"href":"https:\/\/cercletaoiste.com\/index.php\/wp-json\/wp\/v2\/users\/1"}],"replies":[{"embeddable":true,"href":"https:\/\/cercletaoiste.com\/index.php\/wp-json\/wp\/v2\/comments?post=2024"}],"version-history":[{"count":10,"href":"https:\/\/cercletaoiste.com\/index.php\/wp-json\/wp\/v2\/pages\/2024\/revisions"}],"predecessor-version":[{"id":2278,"href":"https:\/\/cercletaoiste.com\/index.php\/wp-json\/wp\/v2\/pages\/2024\/revisions\/2278"}],"wp:attachment":[{"href":"https:\/\/cercletaoiste.com\/index.php\/wp-json\/wp\/v2\/media?parent=2024"}],"curies":[{"name":"wp","href":"https:\/\/api.w.org\/{rel}","templated":true}]}}